git of (-138)/(-12) - m/4?
1
Let t(m) = 24*m - 3. What is the units digit of t(2)?
5
Let y(w) = -13*w**3 - 24*w**2 - 33*w + 9. Let k(c) = 3*c**3 + 6*c**2 + 8*c - 2. Let o(t) = 9*k(t) + 2*y(t). What is the units digit of o(-4)?
8
Let f be (70/4)/((-9)/18). What is the tens digit of (-10)/f - (-276)/14?
2
Suppose -2*v = 3*g, -3*g - 2*g = 4*v + 2. Let a = -1 + g. What is the units digit of a/(-4) - 116/(-16)?
7
Let h(r) be the third derivative of -r**4/8 - r**3/6 - 4*r**2. What is the units digit of h(-2)?
5
Let o be 7/14*(1 - -47). Let g = -13 + o. What is the units digit of g?
1
Let n(w) = w**2 - 7*w - 25. What is the tens digit of n(14)?
7
Let h(b) = b**3 - 7*b**2 - 12*b + 7. What is the units digit of h(9)?
1
Let y = -110 + 183. What is the tens digit of y?
7
Suppose 5*h + 4*q - 216 = 0, -189 - 36 = -5*h + 5*q. What is the tens digit of h?
4
Let o(a) = 0 + 5 - 2*a - 1. Suppose -4*q = -7*f + 3*f - 32, -5*f - 5*q = -10. What is the tens digit of o(f)?
1
Suppose 2*b + 5*y - 2 = 0, -b + 4*y - 5*y + 4 = 0. Let x = 9 - b. What is the units digit of (2/x)/(5/60)?
8
Let r = -1 + -5. Let u = 0 + r. What is the units digit of 9*-1*2/u?
3
Suppose -3*l + 4 = 1, -l - 8 = -3*h. Let g(v) = 2*v**2 - 2*v - 4. Let q be g(3). Suppose -5*p + q = -h*p. What is the units digit of p?
4
Let a(n) = -n**2 - 16*n + 2. Let r(k) = -k**2 - k - 14. Let d be r(0). What is the units digit of a(d)?
0
Let t(u) be the second derivative of u**7/2520 + u**6/360 + u**5/120 + u**4/4 - 3*u. Let l(g) be the third derivative of t(g). What is the units digit of l(-3)?
4
Let m(s) = -14*s - 7. What is the units digit of m(-8)?
5
Let z(h) = -h + 6. Let u be z(0). Let m(q) = q - 4. Let l be m(u). Let r = l + 0. What is the units digit of r?
2
Let m be 0 + (-1 - -2) + 28. Suppose u + m = 2*u. Suppose 3*z - 21 = f, 5*f - 4*f + u = 4*z. What is the units digit of z?
8
Let v be (-2)/4 + 1/2. Suppose 5*r = -5*c + 40, v*r - 16 = -c + r. What is the tens digit of c?
1
Let t = -15 + 0. Let y = t + 24. What is the units digit of y?
9
Let n(w) = -2*w - 12. Let i be n(-8). Let l = -8 + i. What is the units digit of ((-14)/(-4))/((-2)/l)?
7
Let y(k) = -6*k + 1. Let m(p) = p**3 + 7*p**2 + 5*p - 8. Let c be m(-6). What is the tens digit of y(c)?
1
Let w(g) = -g - 4. Let s be w(-8). Let r be ((-75)/20)/(2/(-16)). Suppose -4*t - 3*q + r = 0, -t + 16 = 3*t - s*q. What is the units digit of t?
6
Suppose 4*j + 3*b = 6*b + 550, -2*b = -3*j + 413. What is the tens digit of j?
3
Let b(x) = -x + 3. Let t(j) = -j**3 + 4*j**2 - 5*j + 2. Suppose 3*p - 8 = 1. Let o be t(p). What is the units digit of b(o)?
7
Let f(t) = t**2 + 4*t - 7. Let b be f(-5). Let u = b + 8. Suppose p + 0 = u. What is the units digit of p?
6
Let x be -6*(12/(-8) - -2). Let j = x - -24. What is the tens digit of j?
2
Suppose -2*w = -4*w + 66. What is the tens digit of w?
3
Let v be 3*43*4/6. Suppose x = -0*r + 3*r - v, -3*r + 88 = x. What is the units digit of r?
9
Let g = -3 + 13. Let t = -55 - -60. Suppose p + p = -j + g, 50 = t*j + 2*p. What is the units digit of j?
0
Suppose -5*z = -b - 3*b + 225, 4*b + 4*z = 252. What is the tens digit of b?
6
Let o = 5 + -1. Suppose -o = 2*i, -2*i + 4 = y + 5. What is the units digit of y?
3
Suppose 5*q - 68 = q. What is the tens digit of q?
1
Suppose -3 = v - 3*q - 12, 5*v + 2*q = 11. Suppose v*h + 4*b - 77 = -0*h, -b = 4*h - 107. What is the tens digit of h?
2
What is the tens digit of (-754)/52*5/((-10)/36)?
6
Suppose -2*n + 4*r + 448 = 0, 0 = n + 2*r - 5*r - 222. What is the units digit of n?
8
Let n(r) = -2*r**2 + 7*r**2 - r - 10 + r**2 - 2*r**2. What is the units digit of n(4)?
0
What is the units digit of (-8)/20 - 546/(-15)?
6
Let t(j) = j**3 + 14*j**2 - 8*j + 15. What is the tens digit of t(-14)?
2
Let o(d) = -d**3 + 4*d + 32*d**2 - 24*d**2 + 0*d. What is the tens digit of o(8)?
3
Suppose -5*n = -0*n - 10. What is the units digit of n?
2
Suppose -11*z + 8*z - 5*c + 110 = 0, z = -c + 36. What is the tens digit of z?
3
Let z = 99 + -253. What is the units digit of 7*(-11)/(z/108)?
4
Let s(t) = 10*t - 4. Suppose -2*p = -a + 5 + 3, 6 = 2*a + p. What is the tens digit of s(a)?
3
Suppose -4*u - 36 = -8*u. Let o = u + -5. Suppose n + 2*h = 7*h + 16, 13 = o*n - 3*h. What is the units digit of n?
1
Suppose 0 = -m + 4. Suppose -i - 8 = -3*n, -m*n + 7 + 3 = -i. What is the units digit of n?
2
Let o(z) = z + 2. Suppose 5 - 26 = -3*a. What is the units digit of o(a)?
9
Let k(l) = -l**3 - l + 1. Let m be k(-2). Let x(u) = -u**2 + 6. Let v(n) = 3*n**2 - n - 17. Let i(s) = m*x(s) + 4*v(s). What is the tens digit of i(6)?
1
Let y be (6/4)/(6/8). Suppose y*o + 0*o = 6. Suppose b - 28 = -o*b. What is the units digit of b?
7
Let f(n) = -n**3 + 10*n**2 - 10*n - 6. Let u be f(9). Suppose 40 = 3*i - 5*v, -3*i + 4*v - 22 = -6*i. What is the units digit of (-1 + -1)*u/i?
3
Suppose 4*n - 3*w + 10 = 3*n, -2*n + w = -5. Suppose 0 = -5*r + n*i + 45, -i + 3*i = -5*r + 24. What is the units digit of r?
6
Suppose 2 = -4*t + 18, 8 = -c + 4*t. Let h(r) be the second derivative of r**3/6 + 3*r**2/2 + 5*r. What is the units digit of h(c)?
1
Suppose -a + 8 + 4 = 0. Let u be (a - -1) + (-6)/3. Suppose -4*w + u = -5. What is the units digit of w?
4
Let i be 4*(-4)/((-4)/1) + -1. Let s(t) = t**3 - 5*t**2 + 4. Let n be s(5). Suppose 0 = -2*b - n, 3*w - i*b - 46 = -w. What is the tens digit of w?
1
Let o = 0 + 14. What is the units digit of o?
4
Let y be (4 - (-2 - -4)) + 113. Let j = y - 80. What is the units digit of j?
5
Let w(v) = v**2 + 2*v + 10. Let z be w(9). Let n = -61 + z. What is the units digit of n?
8
Let v = -22 - -25. What is the units digit of v?
3
Let d be (-7)/(-3) - (-2)/3. Suppose -8 = 4*a, 3 = -j - 0*a - d*a. Suppose j*k - 7 = 2*k. What is the units digit of k?
7
Let a(p) = p**2 - 5*p - 4. Let d be a(3). Let x = d - -13. What is the units digit of x?
3
Let d = 32 - -63. What is the tens digit of (d/(-4))/(-5)*8?
3
Let i = -26 - -32. Let p(n) = n**3 + n + 4. Let y be p(0). Let b = i + y. What is the tens digit of b?
1
Suppose f - 10 = 5. Let o = 37 - f. Suppose 3*v + 13 = 2*d, 0*d - 2*v = -3*d + o. What is the units digit of d?
8
Suppose -3*g - g = -16. Suppose -2*k + 0*k = 3*j - 58, k = -g. Suppose 0*q = 3*m - 3*q - 12, 5*q - j = -2*m. What is the units digit of m?
6
Let b = 7 + -2. Suppose 32 = b*y - 3*y. What is the units digit of y?
6
Let x be 36/(-14)*(-14)/3. Let i = 26 - x. What is the units digit of i?
4
Let c = 89 - 13. What is the units digit of c?
6
Suppose -5*h + 41 - 126 = 0. Let i = -10 - h. Let m = -3 + i. What is the units digit of m?
4
Let j(n) = 2*n**2 - 24*n + 24. What is the units digit of j(11)?
2
Let h(q) = -q**3 + 9*q**2 + 5*q - 18. What is the tens digit of h(9)?
2
Suppose -2*n = 5*z + n + 10, -4*n - 23 = -3*z. Let h = -14 + 17. Let k = h - z. What is the units digit of k?
2
Let z(q) be the third derivative of q**4/6 - q**3/2 - 2*q**2. Let v(l) = -3*l - 20. Let y be v(-8). What is the units digit of z(y)?
3
Let n(w) = w**2 + 3*w + 2. Let d be n(-2). Suppose -4*q + 3*q + 11 = d. What is the units digit of q?
1
What is the units digit of (4/8)/(4/72)?
9
Let c(y) = 3*y + 7. Let b be c(-6). Let h = 9 - b. What is the tens digit of h?
2
Let t(s) = s**2 - 4*s + 9. What is the tens digit of t(7)?
3
Let n(x) = 4*x**2 - x + 2. Let a(f) = 7*f**2 - 3*f + 4. Let l(j) = 3*a(j) - 5*n(j). What is the units digit of l(4)?
2
Suppose -6 = 2*g, -1320 = 7*p - 10*p + g. What is the hundreds digit of p?
4
Let s = -2 + 2. Let g(z) = -3*z**2 - z - 10. Let m(o) = 10*o**2 + 3*o + 31. Let b(d) = -7*g(d) - 2*m(d). What is the units digit of b(s)?
8
Let k = -15 + 32. What is the units digit of k?
7
Let q(g) = g**2 + g + 1. Let y be q(2). Suppose 4*i - r - y = 0, 6*i + 2*r - 12 = i. What is the units digit of i?
2
Suppose 2*v = -0 - 8. What is the tens digit of (-14)/v*(-120)/(-42)?
1
Suppose 0 = 6*z - 3*z - 237. What is the units digit of z?
9
Let w be (-1)/3 + 7/3. Suppose -2*h = 2*v + w - 14, 0 = 4*h - 5*v + 12. What is the units digit of h?
2
Let w be (-794)/(-10) - (-8)/(-20). Suppose -k + 5*k = n + 110, -n = 3*k - w. What is the units digit of k?
7
Suppose -3*f + 5*z - 1 = 2, 4*f - 31 = -5*z. Suppose -77 - 64 = -f*b - 3*m, 0 = 4*b - m - 129. What is the tens digit of b?
3
Suppose 0 = 2*q + 2*q + 16. Let s be 6/q